305650.
21
What is the remainder when 3181565 is divided by 795387?
17
What is the remainder when 6249014 is divided by 3426?
3416
What is the remainder when 189776 is divided by 5264?
272
What is the remainder when 19666 is divided by 17750?
1916
What is the remainder when 1413502 is divided by 1071?
853
Calculate the remainder when 39809305 is divided by 99.
19
Calculate the remainder when 24887741 is divided by 4088.
4085
What is the remainder when 6452128 is divided by 33?
1
Calculate the remainder when 157365 is divided by 1243.
747
Calculate the remainder when 5317686 is divided by 16566.
0
Calculate the remainder when 1035347 is divided by 789.
179
What is the remainder when 582034 is divided by 267?
241
What is the remainder when 171234 is divided by 56924?
462
Calculate the remainder when 10026732 is divided by 136.
132
What is the remainder when 282602 is divided by 3810?
662
Calculate the remainder when 80603507 is divided by 2470.
2467
Calculate the remainder when 96076 is divided by 32014.
34
Calculate the remainder when 2048913 is divided by 52533.
126
Calculate the remainder when 2355416 is divided by 181185.
11
Calculate the remainder when 818542 is divided by 943.
18
Calculate the remainder when 7716744 is divided by 428705.
54
What is the remainder when 44276740 is divided by 162?
34
What is the remainder when 2247402 is divided by 32?
10
What is the remainder when 1769081 is divided by 214?
157
Calculate the remainder when 113043106 is divided by 10.
6
Calculate the remainder when 122479926 is divided by 39.
36
What is the remainder when 1385915 is divided by 84?
83
Calculate the remainder when 314048 is divided by 12244.
7948
What is the remainder when 12000986 is divided by 111?
110
What is the remainder when 79841 is divided by 1246?
97
What is the remainder when 411777 is divided by 5082?
135
What is the remainder when 56008403 is divided by 673?
670
What is the remainder when 173259 is divided by 364?
359
Calculate the remainder when 210246309 is divided by 7619.
4
What is the remainder when 16684 is divided by 3442?
2916
What is the remainder when 2783233 is divided by 12101?
3
Calculate the remainder when 460054724 is divided by 4805.
4804
Calculate the remainder when 25898 is divided by 6289.
742
What is the remainder when 180525 is divided by 3898?
1217
What is the remainder when 1294849 is divided by 1294431?
418
Calculate the remainder when 805839998 is divided by 5000.
4998
Calculate the remainder when 47495 is divided by 21325.
4845
Calculate the remainder when 194042 is divided by 615.
317
What is the remainder when 1883114 is divided by 861?
107
Calculate the remainder when 208788 is divided by 69462.
402
What is the remainder when 1988136 is divided by 949?
930
What is the remainder when 13138757 is divided by 1382?
83
What is the remainder when 719236 is divided by 7050?
136
Calculate the remainder when 635502 is divided by 45388.
70
Calculate the remainder when 146634 is divided by 29085.
1209
What is the remainder when 7643504 is divided by 14?
8
What is the remainder when 43808 is divided by 3024?
1472
Calculate the remainder when 2798847 is divided by 128.
127
Calculate the remainder when 32132531 is divided by 38.
35
Calculate the remainder when 3084047 is divided by 385466.
319
Calculate the remainder when 101941777 is divided by 47.
46
Calculate the remainder when 47489904 is divided by 791498.
24
What is the remainder when 216960 is divided by 216922?
38
What is the remainder when 111997 is divided by 76?
49
Calculate the remainder when 2002419 is divided by 333686.
303
Calculate the remainder when 488887835 is divided by 626.
615
Calculate the remainder when 6967244 is divided by 40273.
15
What is the remainder when 773827 is divided by 2555?
2217
What is the remainder when 551202 is divided by 9?
6
What is the remainder when 10415896 is divided by 54?
52
Calculate the remainder when 4711439 is divided by 30.
29
Calculate the remainder when 409656176 is divided by 63.
62
What is the remainder when 126335 is divided by 1276?
11
Calculate the remainder when 292577 is divided by 397.
385
What is the remainder when 151931 is divided by 2598?
1247
What is the remainder when 16552 is divided by 2403?
2134
Calculate the remainder when 15599042 is divided by 588.
578
Calculate the remainder when 1083656 is divided by 361193.
77
What is the remainder when 254962 is divided by 1314?
46
Calculate the remainder when 17228866 is divided by 25.
16
Calculate the remainder when 8984 is divided by 7273.
1711
What is the remainder when 39665 is divided by 1641?
281
Calculate the remainder when 12111 is divided by 52.
47
Calculate the remainder when 12733170 is divided by 193.
188
Calculate the remainder when 6328558 is divided by 748.
478
Calculate the remainder when 49530956 is divided by 1415169.
41
Calculate the remainder when 107943148 is divided by 3544.
3540
Calculate the remainder when 197652 is divided by 2676.
2304
Calculate the remainder when 29825848 is divided by 12469.
0
Calculate the remainder when 23792 is divided by 872.
248
Calculate the remainder when 318822 is divided by 39826.
214
What is the remainder when 1619 is divided by 794?
31
What is the remainder when 2483526 is divided by 496703?
11
What is the remainder when 80563443 is divided by 4?
3
What is the remainder when 140396451 is divided by 28?
27
What is the remainder when 51523 is divided by 2232?
187
What is the remainder when 239703 is divided by 504?
303
Calculate the remainder when 5179583 is divided by 3166.
7
What is the remainder when 3078876 is divided by 8722?
10
What is the remainder when 187379 is divided by 2926?
115
What is the remainder when 14936 is divided by 3730?
16
Calculate the remainder when 257055 is divided by 17135.
30
Calculate the remainder when 4075967 is divided by 16435.
87
Calculate the remainder when 137647 is divided by 19403.
1826
Calculate the remainder when 13171 is divided by 1330.
1201
Calculate the remainder when 863293 is divided by 2213.
223
Calculate the remainder when 1466625 is divided by 2762.
3
Calculate the remainder when 475144 is divided by 707.
40
What is the remainder when 5141448 is divided by 9116?
24
Calculate the remainder when 2201715 is divided by 22.
21
Calculate the remainder when 8159460 is divided by 61814.
12
Calculate the remainder when 927909 is divided by 17077.
5751
Calculate the remainder when 8586710 is divided by 462.
440
Calculate the remainder when 864796 is divided by 432375.
46
What is the remainder when 397284 is divided by 121?
41
Calculate the remainder when 271165 is divided by 337.
217
What is the remainder when 11001142 is divided by 150?
142
What is the remainder when 144365 is divided by 11905?
1505
What is the remainder when 2435502 is divided by 1486?
1434
What is the remainder when 346498 is divided by 1403?
1360
What is the remainder when 115738 is divided by 16527?
49
Calculate the remainder when 1520848 is divided by 760180.
488
Calculate the remainder when 913218 is divided by 913204.
14
What is the remainder when 72216 is divided by 2004?
72
Calculate the remainder when 19575723 is divided by 925.
873
Calculate the remainder when 107902 is divided by 72.
46
Calculate the remainder when 114347 is divided by 28266.
1283
What is the remainder when 3099970 is divided by 1946?
1938
Calculate the remainder when 74424083 is divided by 75328.
19
What is the remainder when 364915 is divided by 4932?
4879
Calculate the remainder when 2248955891 is divided by 23.
21
Calculate the remainder when 11031445 is divided by 586.
581
Calculate the remainder when 4173818 is divided by 29393.
12
What is the remainder when 234160 is divided by 33399?
367
What is the remainder when 10275290 is divided by 718?
710
What is the remainder when 1006635 is divided by 447?
438
Calculate the remainder when 89546 is divided by 93.
80
What is the remainder when 34509812 is divided by 3958?
10
What is the remainder when 255641 is divided by 34?
29
Calculate the remainder when 4717549 is divided by 18144.
109
What is the remainder when 1754514294 is divided by 87?
84
Calculate the remainder when 1180638 is divided by 393542.
12
What is the remainder when 56741946 is divided by 182?
